{"id":40,"date":"2024-12-01T11:07:05","date_gmt":"2024-12-01T11:07:05","guid":{"rendered":"http:\/\/kronzny.cluster023.hosting.ovh.net\/?page_id=40"},"modified":"2024-12-01T12:11:28","modified_gmt":"2024-12-01T12:11:28","slug":"about","status":"publish","type":"page","link":"https:\/\/www.xn--serwis-wdzarni-24b.pl\/index.php\/about\/","title":{"rendered":""},"content":{"rendered":"\n<p><\/p>\n\n\n\n<p>Witam. Zajmuj\u0119 si\u0119 w\u0119dzarniami i komorami w\u0119darniczymi.<\/p>\n\n\n\n<p>Oferuj\u0119 us\u0142ugi zwi\u0105zane z:<\/p>\n\n\n\n<ul class=\"wp-block-list\">\n<li>napraw\u0105 i wymian\u0105 podzespo\u0142\u00f3w<\/li>\n\n\n\n<li>modernizacj\u0105<\/li>\n\n\n\n<li>przegl\u0105dami okresowymi<\/li>\n\n\n\n<li>szkoleniem z zakresu obs\u0142ugi<\/li>\n\n\n\n<li>instalacj\u0105 urz\u0105dze\u0144<\/li>\n\n\n\n<li>remontem<\/li>\n\n\n\n<li>doposa\u017ceniem w uk\u0142ad w\u0119dzenia uwodnionym dymem<\/li>\n<\/ul>\n\n\n\n<p><\/p>\n\n\n\n<p>Produkuj\u0119 w\u0119dzarnie i komory w\u0119dzarnicze o niestandardowych wielko\u015bciach, dopasowuj\u0105c je do pomieszcze\u0144 klienta.<\/p>\n\n\n\n<p><\/p>\n","protected":false},"excerpt":{"rendered":"<p>Witam. Zajmuj\u0119 si\u0119 w\u0119dzarniami i komorami w\u0119darniczymi. Oferuj\u0119 us\u0142ugi zwi\u0105zane z: Produkuj\u0119 w\u0119dzarnie i komory w\u0119dzarnicze o niestandardowych wielko\u015bciach, dopasowuj\u0105c je do pomieszcze\u0144 klienta.<\/p>\n","protected":false},"author":1,"featured_media":0,"parent":0,"menu_order":0,"comment_status":"closed","ping_status":"closed","template":"","meta":{"site-container-style":"default","site-container-layout":"default","site-sidebar-layout":"default","site-transparent-header":"default","disable-article-header":"default","disable-site-header":"default","disable-site-footer":"default","disable-content-area-spacing":"default","footnotes":""},"class_list":["post-40","page","type-page","status-publish","hentry"],"_links":{"self":[{"href":"https:\/\/www.xn--serwis-wdzarni-24b.pl\/index.php\/wp-json\/wp\/v2\/pages\/40","targetHints":{"allow":["GET"]}}],"collection":[{"href":"https:\/\/www.xn--serwis-wdzarni-24b.pl\/index.php\/wp-json\/wp\/v2\/pages"}],"about":[{"href":"https:\/\/www.xn--serwis-wdzarni-24b.pl\/index.php\/wp-json\/wp\/v2\/types\/page"}],"author":[{"embeddable":true,"href":"https:\/\/www.xn--serwis-wdzarni-24b.pl\/index.php\/wp-json\/wp\/v2\/users\/1"}],"replies":[{"embeddable":true,"href":"https:\/\/www.xn--serwis-wdzarni-24b.pl\/index.php\/wp-json\/wp\/v2\/comments?post=40"}],"version-history":[{"count":8,"href":"https:\/\/www.xn--serwis-wdzarni-24b.pl\/index.php\/wp-json\/wp\/v2\/pages\/40\/revisions"}],"predecessor-version":[{"id":98,"href":"https:\/\/www.xn--serwis-wdzarni-24b.pl\/index.php\/wp-json\/wp\/v2\/pages\/40\/revisions\/98"}],"wp:attachment":[{"href":"https:\/\/www.xn--serwis-wdzarni-24b.pl\/index.php\/wp-json\/wp\/v2\/media?parent=40"}],"curies":[{"name":"wp","href":"https:\/\/api.w.org\/{rel}","templated":true}]}}