{"id":41,"date":"2024-12-01T11:07:05","date_gmt":"2024-12-01T11:07:05","guid":{"rendered":"http:\/\/kronzny.cluster023.hosting.ovh.net\/?page_id=41"},"modified":"2024-12-01T11:44:55","modified_gmt":"2024-12-01T11:44:55","slug":"contact","status":"publish","type":"page","link":"https:\/\/www.xn--serwis-wdzarni-24b.pl\/index.php\/contact\/","title":{"rendered":""},"content":{"rendered":"\n<p><\/p>\n\n\n\n<div class=\"wp-block-group has-global-padding is-layout-constrained wp-block-group-is-layout-constrained\">\n<div class=\"wp-block-columns is-layout-flex wp-container-core-columns-is-layout-28f84493 wp-block-columns-is-layout-flex\">\n<div class=\"wp-block-column is-layout-flow wp-block-column-is-layout-flow\" style=\"flex-basis:100%\">\n<div class=\"wp-block-columns is-layout-flex wp-container-core-columns-is-layout-28f84493 wp-block-columns-is-layout-flex\">\n<div class=\"wp-block-column is-layout-flow wp-block-column-is-layout-flow\" style=\"flex-basis:100%\"><\/div>\n<\/div>\n<\/div>\n<\/div>\n<\/div>\n\n\n\n<div class=\"wp-block-group alignfull has-global-padding is-layout-constrained wp-block-group-is-layout-constrained\" style=\"margin-top:0;margin-bottom:0;padding-top:var(--wp--preset--spacing--x-large);padding-bottom:var(--wp--preset--spacing--x-large)\">\n<div class=\"wp-block-columns alignwide is-layout-flex wp-container-core-columns-is-layout-28f84493 wp-block-columns-is-layout-flex\">\n<div class=\"wp-block-column is-layout-flow wp-block-column-is-layout-flow\">\n<p class=\"has-large-font-size\">Zapraszam do kontaktu:<\/p>\n\n\n\n<p>SERWIS W\u0118DZARNI Romuald Pa\u017adzior<\/p>\n\n\n\n<p>32-540 Trzebinia<\/p>\n\n\n\n<p>ul. Tysi\u0105clecia Pa\u0144stwa Polskiego 36\/2<\/p>\n\n\n\n<ul class=\"wp-block-list\">\n<li>telefon:+48 505 454 247<\/li>\n\n\n\n<li>e-mail: biuro@serwis-w\u0119dzarni.pl<\/li>\n\n\n\n<li>e-mail: biuro@xn--serwis-wdzarni-24b.pl<\/li>\n<\/ul>\n<\/div>\n\n\n\n<div class=\"wp-block-column is-layout-flow wp-block-column-is-layout-flow\" style=\"flex-basis:20%\"><\/div>\n\n\n\n<div class=\"wp-block-column is-vertically-aligned-top is-layout-flow wp-block-column-is-layout-flow\" style=\"flex-basis:30%\">\n<figure class=\"wp-block-image aligncenter size-full\"><img loading=\"lazy\" decoding=\"async\" width=\"895\" height=\"782\" src=\"http:\/\/kronzny.cluster023.hosting.ovh.net\/wp-content\/uploads\/2024\/12\/logo-3.png\" alt=\"\" class=\"wp-image-19\" style=\"object-fit:cover\" srcset=\"http:\/\/kronzny.cluster023.hosting.ovh.net\/wp-content\/uploads\/2024\/12\/logo-3.png 895w, http:\/\/kronzny.cluster023.hosting.ovh.net\/wp-content\/uploads\/2024\/12\/logo-3-300x262.png 300w, http:\/\/kronzny.cluster023.hosting.ovh.net\/wp-content\/uploads\/2024\/12\/logo-3-768x671.png 768w\" sizes=\"auto, (max-width: 895px) 100vw, 895px\" \/><\/figure>\n\n\n\n<ul class=\"wp-block-social-links aligncenter has-icon-color has-icon-background-color is-style-default is-content-justification-center is-layout-flex wp-container-core-social-links-is-layout-ad2ca8aa wp-block-social-links-is-layout-flex\"><\/ul>\n<\/div>\n<\/div>\n<\/div>\n\n\n\n<p><\/p>\n","protected":false},"excerpt":{"rendered":"<p>Zapraszam do kontaktu: SERWIS W\u0118DZARNI Romuald Pa\u017adzior 32-540 Trzebinia ul. Tysi\u0105clecia Pa\u0144stwa Polskiego 36\/2<\/p>\n","protected":false},"author":1,"featured_media":0,"parent":0,"menu_order":0,"comment_status":"closed","ping_status":"closed","template":"","meta":{"site-container-style":"default","site-container-layout":"default","site-sidebar-layout":"default","site-transparent-header":"default","disable-article-header":"default","disable-site-header":"default","disable-site-footer":"default","disable-content-area-spacing":"default","footnotes":""},"class_list":["post-41","page","type-page","status-publish","hentry"],"_links":{"self":[{"href":"https:\/\/www.xn--serwis-wdzarni-24b.pl\/index.php\/wp-json\/wp\/v2\/pages\/41","targetHints":{"allow":["GET"]}}],"collection":[{"href":"https:\/\/www.xn--serwis-wdzarni-24b.pl\/index.php\/wp-json\/wp\/v2\/pages"}],"about":[{"href":"https:\/\/www.xn--serwis-wdzarni-24b.pl\/index.php\/wp-json\/wp\/v2\/types\/page"}],"author":[{"embeddable":true,"href":"https:\/\/www.xn--serwis-wdzarni-24b.pl\/index.php\/wp-json\/wp\/v2\/users\/1"}],"replies":[{"embeddable":true,"href":"https:\/\/www.xn--serwis-wdzarni-24b.pl\/index.php\/wp-json\/wp\/v2\/comments?post=41"}],"version-history":[{"count":3,"href":"https:\/\/www.xn--serwis-wdzarni-24b.pl\/index.php\/wp-json\/wp\/v2\/pages\/41\/revisions"}],"predecessor-version":[{"id":73,"href":"https:\/\/www.xn--serwis-wdzarni-24b.pl\/index.php\/wp-json\/wp\/v2\/pages\/41\/revisions\/73"}],"wp:attachment":[{"href":"https:\/\/www.xn--serwis-wdzarni-24b.pl\/index.php\/wp-json\/wp\/v2\/media?parent=41"}],"curies":[{"name":"wp","href":"https:\/\/api.w.org\/{rel}","templated":true}]}}